
In base 15, what is 14 - d1d4b?
-d1d37
In base 10, what is -8202833 + 83?
-8202750
In base 7, what is 5644 - 3426?
2215
In base 3, what is 2202 + -1011021210?
-1011012001
In base 8, what is 240 + -55140?
-54700
In base 16, what is 103 - -3d6e4?
3d7e7
In base 16, what is -bfce - -53?
-bf7b
In base 7, what is -232306 - 5265?
-240604
In base 9, what is 22880 + 16?
23006
In base 11, what is -42a50 + 17a?
-42881
In base 5, what is 4 - -200222200?
200222204
In base 16, what is f1 + -563e9?
-562f8
In base 16, what is 56aac3 + 2?
56aac5
In base 6, what is 553411 - 454?
552513
In base 9, what is 84 + 1708237?
1708332
In base 12, what is -20 + -a5a90?
-a5ab0
In base 16, what is 8ff - -35a?
c59
In base 4, what is 3 - 12222230020?
-12222230011
In base 5, what is 2043 + -43010?
-40412
In base 16, what is -5a9 + -141a?
-19c3
In base 10, what is -5750 - -101366?
95616
In base 2, what is 1010110000 + 1010000100111001111?
1010000110001111111
In base 14, what is -4c3 + 20694?
201b1
In base 7, what is -2616215 - 4251?
-2623466
In base 10, what is 5 + -116562259?
-116562254
In base 4, what is 321210313 + -331?
321203322
In base 16, what is 10a + 6a5c?
6b66
In base 14, what is 2 - dbb217?
-dbb215
In base 16, what is 6bc85 + 0?
6bc85
In base 9, what is -2326 + -64381?
-66717
In base 15, what is -27eeb - -b?
-27ee0
In base 13, what is 2 - -11803b?
118040
In base 11, what is -8 - 13a97703?
-13a97710
In base 16, what is 37327d - -5?
373282
In base 11, what is 9560052 - 3?
956004a
In base 13, what is -4 - 16c05708?
-16c0570c
In base 2, what is 10000101 + -1010100001011111010100?
-1010100001011101001111
In base 11, what is 340a4 + 1060?
35154
In base 10, what is -51226 - -339?
-50887
In base 9, what is 11851 + 13076?
25037
In base 14, what is -113d8 + -1ba?
-115b4
In base 14, what is c6d9 - -558?
cc53
In base 9, what is 5 + 21431333?
21431338
In base 2, what is -1001 + 1000010111011001111111100?
1000010111011001111110011
In base 11, what is 3a180 - 99?
3a092
In base 3, what is 2021 + -20212120?
-20210022
In base 11, what is -a410 + -25512?
-34922
In base 12, what is 188b4304 - 12?
188b42b2
In base 15, what is -5 - 8dba24c?
-8dba252
In base 2, what is 11000101 - -111111100101000011?
111111101000001000
In base 2, what is 10010111001000 + 110000001?
10011101001001
In base 3, what is -1211120000 + -112210112?
-2101100112
In base 2, what is 100001111110110000 + 1001011110?
100010001000001110
In base 8, what is 20 - -2543075?
2543115
In base 8, what is -200614 - -47064?
-131530
In base 3, what is 101001210100 - 2?
101001210021
In base 12, what is 2 + -28930028?
-28930026
In base 6, what is -13422 + -20410?
-34232
In base 16, what is -3 - c06306?
-c06309
In base 14, what is -8 - 29b899?
-29b8a3
In base 3, what is -121020121021 - 110202?
-121021002000
In base 12, what is -1b863b - 11?
-1b8650
In base 12, what is 28513 - -619?
28b30
In base 16, what is a42 - -6a454?
6ae96
In base 10, what is 13414378 - -4?
13414382
In base 3, what is -20212012201 + -2102?
-20212022010
In base 12, what is -8058b33 + -8?
-8058b3b
In base 15, what is -38d280 + -b?
-38d28b
In base 10, what is 8 - 87152448?
-87152440
In base 13, what is 5 - 35a6337?
-35a6332
In base 3, what is 121100221 - -12001122?
210102120
In base 8, what is -25365 + -26775?
-54362
In base 12, what is -128 + 4b13a5?
4b1279
In base 15, what is 19a8869 + 5?
19a886e
In base 16, what is -677055cf - -5?
-677055ca
In base 3, what is 10200101 + 1222022?
12122200
In base 7, what is 6104103123 + -1?
6104103122
In base 7, what is -10601 - -136434?
125533
In base 11, what is -161899 - 117?
-161a05
In base 7, what is -14001531051 - 2?
-14001531053
In base 8, what is 772761 + 3242?
776223
In base 10, what is -8464226 + 28?
-8464198
In base 13, what is -3 + 16ca241?
16ca23b
In base 9, what is 5 + -278332068?
-278332063
In base 15, what is -2620528 - 8?
-2620531
In base 7, what is 5 + 13555460?
13555465
In base 15, what is b5ac63c - 5?
b5ac637
In base 12, what is -15 + 390384?
39036b
In base 3, what is -1212101211220012 + 1010?
-1212101211212002
In base 13, what is 1 - -144a0708?
144a0709
In base 16, what is -b95c8a - -2?
-b95c88
In base 4, what is 2021323022003 - 3?
2021323022000
In base 9, what is -2 - -422644781?
422644778
In base 6, what is -244 - 2311051?
-2311335
In base 14, what is aa11cd - -1?
aa11d0
In base 15, what is -9e92a7 - 10?
-9e92b7
In base 4, what is 2101 - -112313022?
112321123
In base 5, what is -1 - -241020222332?
241020222331
In base 10, what is -33366 + -2536?
-35902
In base 8, what is -512 + 23322?
22610
In base 12, what is 50 + -1ab113?
-1ab083
In base 2, what is -100100101111111101 - 10111110?
-100100110010111011
In base 16, what is -d58 + -3c45?
-499d
In base 2, what is -11011111001100 + -111000101?
-11100110010001
In base 3, what is -100212100121111 + 2?
-100212100121102
In base 13, what is 1b4b - 191a?
231
In base 10, what is 65533 - -2245?
67778
In base 14, what is 164 - 2b1d?
-2999
In base 16, what is 2370 + 92?
2402
In base 7, what is 466103146 + 16?
466103165
In base 4, what is -331000031 - 12?
-331000103
In base 11, what is 458a72 - -44?
459006
In base 5, what is 4 + 2101433040?
2101433044
In base 7, what is 24245 + 641?
25216
In base 7, what is -15 - -115166165?
115166150
In base 6, what is -1244 - -2303451?
2302203
In base 14, what is -19382 - b4?
-19456
In base 8, what is -40 + -7306761?
-7307021
In base 14, what is -a7c08 - -d?
-a7bd9
In base 8, what is 2051302052 + 3?
2051302055
In base 9, what is -1421246 + 2?
-1421244
In base 4, what is 33 - 230023322222?
-230023322123
In base 13, what is -1c5c72c4 + 4?
-1c5c72c0
In base 13, what is 226318 - 40?
2262a8
In base 7, what is -23360 - -35435?
12045
In base 16, what is -9f84a + -a?
-9f854
In base 7, what is -4211466 - 113?
-4211612
In base 14, what is 4 + 181b76a?
181b770
In base 6, what is 132051 + 12?
132103
In base 7, what is 13 + -530455104?
-530455061
In base 16, what is 13 - -e3907e?
e39091
In base 13, what is 1c53 + 7249?
919c
In base 3, what is 12101200201 + -11002022?
12020121102
In base 9, what is 8 + -2503051?
-2503042
In base 14, what is -3acd + 24b9?
-1614
In base 14, what is 23b9c - -1450?
2520c
In base 9, what is -758818 + -22?
-758841
In base 9, what is 6731 - 116?
6614
In base 3, what is -201210201101 + -2022211?
-201220001012
In base 11, what is 25925 + -1022?
24903
In base 15, what is 1dcc - -18?
1de5
In base 7, what is -13 + -340361?
-340404
In base 5, what is -4243122 - -101041?
-4142031
In base 9, what is -671 + 8538?
7757
In base 3, what is -20 - -21011122221011?
21011122220221
In base 9, what is 25624717 + 2?
25624720
In base 14, what is -7 - -1405c?
14055
In base 11, what is -10 - -13a86941?
13a86931
In base 10, what is 9213 + 82426?
91639
In base 14, what is -ab5769 - -1?
-ab5768
In base 11, what is 6896867 - 1?
6896866
In base 16, what is -1cf9 + 153a?
-7bf
In base 8, what is -26 - -163717?
163671
In base 6, what is 5525215005 - -1?
5525215010
In base 15, what is e02 + 34?
e36
In base 14, what is 81 - 5d2b2d?
-5d2a8c
In base 6, what is 2 + 310430024?
310430030
In base 2, what is 1010111011101011 + 10101110?
1010111110011001
In base 15, what is 9 - 561c029?
-561c020
In base 14, what is 2 - 36924?
-36922
In base 3, what is -12 + 12212111020121?
12212111020102
In base 7, what is -3226341 + 40?
-3226301
In base 3, what is -11121 + 1022012022222?
1022012011101
In base 15, what is 7c7b9 - -18?
7c7d2
In base 10, what is 18275 + -979?
17296
In base 3, what is 11112221020 + 2012101?
11122010121
In base 13, what is -5c64 - c276?
-1520a
In base 10, what is 55 + -110178?
-110123
In base 4, what is -1 - 110301200211?
-110301200212
In base 3, what is 112022221211020 - -1?
112022221211021
In base 15, what is 18b8 - -3d4cd?
3ed96
In base 12, what is 57 + 222047?
2220a2
In base 14, what is -b7d4763 + -6?
-b7d4769
In base 14, what is 4 - -790973?
790977
In base 9, what is 6658 - 3773?
2775
In base 2, what is 0 - -1000110101001111101101010011?
1000110101001111101101010011
In base 7, what is 1 + -1341016361?
-1341016360
In base 3, what is 2002121 - 22021202211?
-22012200020
In base 11, what is -51142 + -166a?
-52801
In base 2, what is 111010100011001110110 + -10101?
111010100011001100001
In base 9, what is 212348 + 120?
212468
In base 7, what is 44